
In base 9, what is 163 + -1006?
-733
In base 4, what is -22222112 - 1?
-22222113
In base 2, what is -101011 + -100000101?
-100110000
In base 8, what is -1062 + -120?
-1202
In base 5, what is -3 - 432101?
-432104
In base 10, what is -1 - -35710?
35709
In base 9, what is 10 + -10022?
-10012
In base 5, what is -201433041 - 2?
-201433043
In base 6, what is 23435 - 3?
23432
In base 14, what is 1394 + -7?
138b
In base 12, what is 1111 - 53?
107a
In base 13, what is 3 - -1226b?
12271
In base 6, what is 4434153 - -4?
4434201
In base 4, what is 103032313 - 223?
103032030
In base 4, what is 1 + 200322211?
200322212
In base 13, what is 14b5 + 4b?
1533
In base 8, what is 45623 + 470?
46313
In base 7, what is 14324 + 31?
14355
In base 11, what is 217a + 0?
217a
In base 6, what is 1042245 + -1?
1042244
In base 8, what is 4 + 323035?
323041
In base 14, what is 15b5 - 9?
15aa
In base 9, what is -3 + 6222?
6218
In base 4, what is 21102233301 + 2?
21102233303
In base 15, what is -98c - -6b?
-921
In base 13, what is c - -2803?
2812
In base 3, what is -120202101 - 21?
-120202122
In base 11, what is -42824 + 2?
-42822
In base 2, what is 111 - 11100101100?
-11100100101
In base 16, what is f + 1ef4?
1f03
In base 12, what is 5260 + -3?
5259
In base 15, what is -1 - -37b19?
37b18
In base 9, what is -4 + 267302?
267287
In base 14, what is -3868 + -4?
-386c
In base 2, what is 1010101011110 + -1011?
1010101010011
In base 9, what is 2662 - -40?
2712
In base 5, what is -10 - 334230?
-334240
In base 4, what is -1023231032 - -3?
-1023231023
In base 5, what is -1041102 + -1041?
-1042143
In base 4, what is -11 + 21213011?
21213000
In base 4, what is 10 - 3230112?
-3230102
In base 4, what is -2032 - 103031?
-111123
In base 2, what is -110001000 - 0?
-110001000
In base 11, what is 474 + -274?
200
In base 6, what is 103014424 + -1?
103014423
In base 2, what is -1000011111011010100000 - -101?
-1000011111011010011011
In base 15, what is 1876 + 11b?
1992
In base 14, what is -8 + -2682?
-268a
In base 3, what is -1002121121112 - 0?
-1002121121112
In base 3, what is -11 - 1100221122012?
-1100221122100
In base 9, what is 26068 - 12?
26056
In base 7, what is -3 + -446620?
-446623
In base 6, what is -4 + -14425?
-14433
In base 14, what is 17 + -1b77?
-1b60
In base 15, what is 18 + -6e09?
-6de1
In base 9, what is 13 - 68871?
-68857
In base 2, what is 111 - -10001001000?
10001001111
In base 13, what is -11 + 1745?
1734
In base 2, what is -10 + 10010010101110101?
10010010101110011
In base 6, what is 304 + -2312?
-2004
In base 3, what is -11220101002 - 1112?
-11220102121
In base 8, what is 36 + 1430?
1466
In base 15, what is 157e9 - 17?
157d2
In base 8, what is 20 - -15?
35
In base 4, what is 2 - 111001313?
-111001311
In base 2, what is -111110110000111000 - 1?
-111110110000111001
In base 7, what is 2600 + 24?
2624
In base 12, what is 5 + -10b?
-106
In base 9, what is -17751 - -87?
-17653
In base 12, what is 0 - 518a?
-518a
In base 2, what is -1100100111010 - 0?
-1100100111010
In base 12, what is 5119 - 4?
5115
In base 11, what is -4 + 10617?
10613
In base 3, what is -1211100 + -212121?
-2200221
In base 9, what is -25 + 10164?
10138
In base 16, what is 701 + 12?
713
In base 10, what is -2003 + -8?
-2011
In base 11, what is -1331 + -28?
-1359
In base 10, what is -138 + 298?
160
In base 3, what is -122110 - -11000?
-111110
In base 2, what is -10111010 - 11110?
-11011000
In base 3, what is -101222 - -2220220?
2111221
In base 14, what is 29 + 9b3?
9dc
In base 15, what is -92 - 1d0d?
-1da0
In base 16, what is -4 - 1112?
-1116
In base 2, what is 1000 + -111010011101010110?
-111010011101001110
In base 5, what is -2321 + 2411?
40
In base 12, what is ba197 - 2?
ba195
In base 3, what is -1 - 12022022210?
-12022022211
In base 9, what is -516 - -16326?
15710
In base 5, what is -11032 + -10?
-11042
In base 10, what is 267576 + -7?
267569
In base 13, what is 24 - -623?
647
In base 15, what is -4 + -98c9?
-98cd
In base 3, what is 11210 + -101021222?
-101010012
In base 14, what is -12 + 3a?
28
In base 6, what is 4 + 13231510?
13231514
In base 8, what is 0 + 1041676?
1041676
In base 11, what is 75 + -391?
-317
In base 13, what is -2 + -3386a5?
-3386a7
In base 4, what is 212123 + 133?
212322
In base 15, what is 5938 + 0?
5938
In base 11, what is -1 + 61429?
61428
In base 12, what is 5 + 96662?
96667
In base 13, what is -680 - 334?
-9b4
In base 16, what is -3 + -296e?
-2971
In base 15, what is c + -114b?
-113e
In base 6, what is 12322350 - 13?
12322333
In base 12, what is -24b + 87?
-184
In base 12, what is 1 + 2ab302?
2ab303
In base 9, what is 104 + 1641?
1745
In base 7, what is 2 + 566255?
566260
In base 15, what is 2a40 + -b?
2a34
In base 6, what is -11 - -51424?
51413
In base 10, what is 6 - -5240?
5246
In base 12, what is 5 - -1489a5?
1489aa
In base 3, what is -11200 - 20221221?
-21010121
In base 4, what is -211310 + -2331?
-220301
In base 7, what is 40 - -12425?
12465
In base 11, what is 106a7 - -8?
10704
In base 15, what is 9a - -49?
e4
In base 12, what is 64 - -389?
431
In base 12, what is 208208 + 2?
20820a
In base 13, what is -475280 - -3?
-47527a
In base 2, what is 11001011110100011111 + -1?
11001011110100011110
In base 10, what is 910072 + -3?
910069
In base 11, what is -3554 - -49?
-3506
In base 13, what is -2 + -40860?
-40862
In base 14, what is 377 - 17?
360
In base 15, what is -3c8 + -4c?
-425
In base 9, what is -281075 - 1?
-281076
In base 4, what is 20101311 - 2?
20101303
In base 13, what is 4 - 1a7371?
-1a736a
In base 9, what is 0 + -433576?
-433576
In base 15, what is -248 + c0?
-178
In base 2, what is -1010 + -1000001011001?
-1000001100011
In base 8, what is -264 - -40?
-224
In base 12, what is 2a7 + 5307?
55b2
In base 15, what is -20206 - 9?
-20210
In base 7, what is 233531 - -3?
233534
In base 6, what is -25 - -1540545?
1540520
In base 15, what is -216 + -71?
-287
In base 4, what is 302 + 120220?
121122
In base 15, what is -c001 + 1d?
-bed3
In base 3, what is 21110101 - -101?
21110202
In base 4, what is 1203 - 1332312?
-1331103
In base 8, what is -17 - 1515?
-1534
In base 8, what is 2 + -65311?
-65307
In base 12, what is -71 + -31b?
-390
In base 9, what is 6147275 + -3?
6147272
In base 9, what is -5 + -65688?
-65704
In base 2, what is 1000110 + -11100001001?
-11011000011
In base 3, what is -10001 - -1101101?
1021100
In base 7, what is 1102 - 406?
363
In base 15, what is 0 + -4424?
-4424
In base 3, what is -2122 + -2121100?
-2200222
In base 5, what is 13 + 231400?
231413
In base 8, what is -531 + 461?
-50
In base 13, what is -2994 - -191?
-2803
In base 9, what is -8 - 45323?
-45332
In base 11, what is -38 + 697a?
6942
In base 14, what is -3 - 29631?
-29634
In base 4, what is 1 + 10310212?
10310213
In base 6, what is 4514440 + 3?
4514443
In base 3, what is 100001210 - 110?
100001100
In base 2, what is 1001 + -100010111011100?
-100010111010011
In base 16, what is -3 + 28bf?
28bc
In base 14, what is -3037 - -a?
-302b
In base 8, what is 5 - -40325?
40332
In base 13, what is 636 + -1a5?
461
In base 3, what is 201201 - 10122?
121002
In base 9, what is 224 - 14110?
-13775
In base 13, what is 7 - -18bb0?
18bb7
In base 13, what is 18ab8 - 1?
18ab7
In base 6, what is -5 + -14015300?
-14015305
In base 8, what is -5 - 325352?
-325357
In base 6, what is 4 + -313451?
-313443
In base 16, what is 5220 + -5?
521b
In base 3, what is 11002101 - -221?
11010022
In base 5, what is -2301 + -341100?
-343401
In base 4, what is 0 + -2311030?
-2311030
In base 4, what is -10 + 113203?
113133
In base 6, what is -3 + -140?
-143
In base 2, what is -1111110110101 - 100?
-1111110111001
In base 15, what is 1 + -2cc7?
-2cc6
In base 9, what is 4 - -464536?
464541
In base 4, what is -11000013022 + -11?
-11000013033
In base 9, what is 0 - -113524?
113524
In base 11, what is -667 - -79?
-599
In base 11, what is 358 - -58?
405
In base 5, what is -2141 - 13301?
-20442
In base 10, what is 9 + 177099?
177108
In base 6, what is -40 - -504153?
504113
In base 3, what is 1 - -10110200?
10110201
In base 11, what is -1a0723 + 2?
-1a0721
In base 5, what is -2042 + -120323?
-122420
In base 10, what is 152 + 269?
421
In base 15, what is -3 + e3433?
e3430
In base 8, what is 22 + 20207?
20231
In base 8, what is -602546 + -2?
-602550
In 